x) = -x**2 - 5*x - 6. Let s be b(j). Let w be g(s). Determine q(w).
2
Suppose 30 = 5*h + 5*v - 0*v, -3*h + 2*v = 2. Let d = -5 - -7. Let p(x) = h - d*x - 1 + 0. What is p(1)?
-1
Let b = 34 - 33. Suppose 10 = -3*y - 4*l, l = -4*y - l. Let k(u) = 12*u**3 - 10*u**3 + b + y*u + 3*u**2 + 0. Calculate k(-2).
-7
Let o(p) be the third derivative of 0 - 1/60*p**5 + 3*p**2 - 5/6*p**3 + 7/24*p**4 + 0*p. What is o(6)?
1
Suppose 3 - 1 = c. Let b be (c + -20)/((-4)/(-4)). Let d be 58/b + (-2)/(-9). Let a(o) = o**2 + 2*o + 2. Determine a(d).
5
Let l(d) = d**2 - 8*d + 11. Let i be l(6). Let q(g) = 12*g + 1. What is q(i)?
-11
Let b be (-10)/3*3/(-2). Let t(d) = -14*d. Let a(j) = -14*j + 1. Let y(v) = 6*a(v) - 5*t(v). Let k(r) = 9*r - 4. Let c(l) = b*y(l) + 8*k(l). What is c(-2)?
-6
Let w(d) = d**3 - 6*d**2 + 4*d + 2. Let l(m) = -m. Let r(j) = -2*l(j) + w(j). Calculate r(5).
7
Let m(c) = -2*c - 12. Suppose 8*u + q + 32 = 4*u, 4*q = 2*u + 34. Calculate m(u).
6
Suppose -2*k + 15 = 3*o, k + 18 = 4*o - 2. Suppose k*l + 3 = -l. Let i be 1/3 - 2/l. Let a(b) = 9*b**3 - b. What is a(i)?
8
Let j(s) = -s**3 - 2*s**2 - 3*s - 2. Let t be (-64)/(-14) - (-15)/35. Let g be 4/6 + (-2)/3. Let h be g - (t + 0 - 3). Calculate j(h).
4
Let t(w) = 3 + 10*w - 4 + 2*w - 15*w. What is t(2)?
-7
Let m be 9/2*(-6)/(-9). Let s(r) = r - 1 + 3*r**2 - m*r**2 - 6*r**3. Let a be (-390)/(-420) - 3/(-42). Calculate s(a).
-6
Suppose -166 - 59 = -5*k. Let h be 12/15*k/(-6). Let n(a) = 2*a + 9. Calculate n(h).
-3
Let n(k) = -14*k**2 + 5*k - 35. Let o(a) = -7*a**2 - a - a**2 - a + 12 + 13*a**2. Let p(f) = -6*n(f) - 17*o(f). Calculate p(5).
1
Let w(g) = -g**3 + 8*g**2 + 4*g - 4. Let l(a) be the first derivative of a**4/2 - 5*a**3 - 7*a**2/2 + 8*a + 2. Let b(h) = 4*l(h) + 7*w(h). Calculate b(4).
4
Let b(x) = 0*x + 2*x + 3 + 2*x**2 - 3*x**2. Let q = 24 - 26. Determine b(q).
-5
Let i(t) = 10*t + 5. Let d(g) = -9*g - 5. Let b(m) = -4*d(m) - 3*i(m). Determine b(-5).
-25
Let j(x) = 2*x + 20*x**2 - 4 - 40*x**2 + 22*x**2. Let o(p) = p. Let r = 4 + -7. Let w be o(r). What is j(w)?
8
Let l be 29/3 + (-2)/(-6). Suppose 5*f - 4*u - l = 0, -2*f + 2*u = 2*f - 14. Let v(i) = i - 8. Let j be v(f). Let p(x) = x**3 + 4*x**2 + x - 1. Calculate p(j).
5
Let u(l) = l + 1. Suppose q - 24 = -4*y - 3*q, 0 = 2*y + 3*q - 15. Calculate u(y).
4
Let h = -3 - -7. Suppose l + 2 = 4. Let f(x) = -x + 3 - 9 + 4 + l*x. Calculate f(h).
2
Let m be 9/(-15) + 6/(-15). Let n(t) = -9*t + 10. Let d(i) = 3*i - 3. Suppose -2*l + 13 = -x, 4*x + 0*l + l = -25. Let r(z) = x*d(z) - 2*n(z). Give r(m).
4
Suppose -4*j - 17 - 3 = 0. Let r(n) be the third derivative of n**4/24 + n**3/6 - 6*n**2. Give r(j).
-4
Let c(a) = 2*a - 3. Let r(d) be the first derivative of d**3/3 + 4*d**2 - 7*d + 4. Let z be r(-9). Determine c(z).
1
Let i(r) be the first derivative of -r**4/4 + 4*r**3/3 + r**2 + r - 4. Give i(4).
9
Suppose 7 = -2*y + 1. Let x be 20/((-14)/6 - y). Suppose -3*f - 23 - 17 = 5*a, -3*f - x = 3*a. Let t(r) = 2*r + 3. Give t(a).
-7
Let r(h) = -h**2 + 6*h + 4. Let o be r(6). Let g(t) = t**2 + o*t + 0*t + 0 + 0*t + 3. Calculate g(-4).
3
Let j be (-8 + 4)*10/(-16). Let u(s) be the first derivative of 1/4*s**4 - 3*s + 4 - 5/3*s**3 - j*s**2. What is u(6)?
3
Let m(t) be the second derivative of -t**5/20 + t**4/2 - 5*t**3/6 - t. Let w(g) = g**3 - 22*g**2 + 20*g + 26. Let f be w(21). Calculate m(f).
0
Let v(t) = -t**3 - 6*t**2 + 2*t + 5. Suppose 12 = 3*q - 5*q. Give v(q).
-7
Suppose 5*h - h = -20. Let z(i) = -i - 3. Determine z(h).
2
Let n(r) = 2*r**3 + 5*r + 5. Let o(i) = i**3 + 2*i + 3. Let f(x) = -2*n(x) + 5*o(x). Give f(0).
5
Let p(h) be the second derivative of -h**4/12 + h**3/6 + 10*h**2 - 4*h. What is p(0)?
20
Suppose m + 5*p + 7 = 2*m, 2*m + 4*p = 70. Suppose m = 2*x - 5*u, 2*x - x + u = -4. Let n(i) = 8*i**2 + i - 1. Determine n(x).
8
Let v = 0 - 2. Let x(h) be the first derivative of h**3/3 - 2*h - 9. Calculate x(v).
2
Let i be (-16)/(-10)*(-5)/(-2). Let v(n) = 3*n - 6. Determine v(i).
6
Let i be ((1 + -2)*-1)/(-1)*5. Let p(c) = -5*c**3 - c**2 + 5. Let s(b) = -9*b**3 - b**2 + 10. Let f(j) = -11*p(j) + 6*s(j). Give f(i).
5
Let f(m) be the first derivative of m**3/3 + 2*m**2 - 9*m - 4. What is f(-7)?
12
Let z(l) = 9*l**2 - 1 - 8*l + 0*l**2 + l + l**2. Let n(j) = -9*j**2 + 6*j + 1. Let f be (-2 + 1)/((-3)/(-21)). Let s(q) = f*n(q) - 6*z(q). Determine s(-1).
2
Suppose -2*d - 4 = -d - 4*c, 0 = -4*d - 5*c - 16. Let i = d - -3. Let g(w) = 10*w - 1. Give g(i).
-11
Let v(l) = 6*l**2 + 6*l + 5. Let z(r) = -21*r**2 - 21*r - 18. Let t(c) = -18*v(c) - 5*z(c). Let p = 54 - 56. Give t(p).
-6
Let u(d) = 104*d - 4*d**3 + 0 + 2*d**2 + 1 - 106*d. Let x = 2 - 1. What is u(x)?
-3
Let t(o) = -o + 1. Let f(w) = -2. Let b(i) = 2*f(i) + 3*t(i). Let s = 1 - -2. Let r = s + -2. Determine b(r).
-4
Let l(q) = -q. Suppose 0 = -3*g + 5*g - 10. Suppose 0 = -g*b - 4*j - 0*j - 20, -3*b + j + 5 = 0. Suppose -3*c + 8*c + 25 = b. Give l(c).
5
Let n(o) = 4*o - 4 - 4*o + o. Suppose 0 = 4*w - w - 42. Suppose 8 = 2*a + w. Give n(a).
-7
Let w be (30/12)/((-1)/2). Let r = -8 - w. Let p be (2/(-1) - -3)*r. Let b(x) = x**3 + 3*x**2 + x - 2. What is b(p)?
-5
Let h = -18 + 20. Let a(o) be the first derivative of 0*o**2 + 2 - 1/3*o**3 + h*o. What is a(3)?
-7
Suppose -3 = -2*d + 7. Suppose -4*m + 5*m - 25 = -5*w, -d*m = 3*w - 15. Let q be (-4 + w)*(0 + -1). Let n(y) = 12*y**3 + 2*y**2 + 2*y + 1. Give n(q).
-11
Suppose 3*t = -2*t - 15. Let g(w) be the second derivative of w**4/12 + w**3/2 - 2*w**2 + 11*w - 3. Calculate g(t).
-4
Let h(d) = 2*d**3 - 3*d**2 - 13*d - 11. Let l(y) = -y**3 + 2*y**2 + 7*y + 6. Let f(u) = 4*h(u) + 7*l(u). Calculate f(-3).
-2
Let v(n) = -7*n + 4. Let s(o) = 6*o - 5. Let b(d) = -5*s(d) - 4*v(d). Calculate b(8).
-7
Let c(t) = t**2 - 2*t + 1. Suppose -3 + 18 = 4*o - 5*w, 0 = -2*w + 2. Suppose -37 = -3*b + o*m, 6*b - 41 = 2*b + 5*m. Calculate c(b).
9
Let c(i) = -3*i - 10. Let m be c(-5). Let l(q) = -q**3 + 7*q**2 - 6*q - 5. What is l(m)?
15
Let h(d) = -6*d - 7 + 4*d + 0. What is h(-5)?
3
Suppose -u + 3*u - 4*d + 12 = 0, 0 = -d + 2. Suppose -1 = 3*b - 7. Let k(c) = -4*c**2 + 7 + 3*c**b + 2*c - 4. Give k(u).
-5
Let v(o) = -o**3 - 8*o**2 + 2*o + 4. Let s = 57 - 65. Give v(s).
-12
Let u(n) = -2*n + n - 3 + 3 + 1. Let w be u(-2). Suppose -w*d - j - 3*j + 3 = 0, 0 = 3*d - 4*j + 21. Let m(c) = -c**3 - 3*c**2 - c + 3. What is m(d)?
6
Let t(f) = -2*f**3 + 1. Let y be t(1). Let i = y + -1. Let c be (4 + i)*1*-2. Let w(l) = l**2 + 4*l - 3. What is w(c)?
-3
Let l(u) = -u**3 + 4*u**2 + u - 2. Let g be 3/(-4) - 154/(-56). Give l(g).
8
Suppose 0*i - 2*i + 4 = 0. Let o(w) = -15*w**3 - 2*w - 4*w**2 - 2*w**i + 5 + 16*w**3. Calculate o(6).
-7
Let k(u) = -u**3 - 4*u**2 - 3*u - 3. Suppose -3*l + 2 - 11 = -2*y, -3*l - 2*y = 9. What is k(l)?
-3
Let k be 1/4 - (-54)/8. Suppose k = -b + 2. Let g(c) = -c**2 - 7*c + 1. What is g(b)?
11
Let p(r) = r**2 + 2*r - 5. Let w(t) = t**2 + t - 4. Suppose 3 = -0*f + f. Let y(g) = f*w(g) - 2*p(g). Suppose 9 = 5*m - 2*z, -5*z = -3*m + 8*m - 30. Give y(m).
4
Let w(l) = 5*l**2 + 6*l - 4. Let r(x) = -22*x**2 - 23*x + 16. Let s(p) = 2*r(p) + 9*w(p). Calculate s(-9).
5
Let m(l) = 7*l**3 + 11*l**2 - 5*l - 5. Let p(f) = -10*f**3 - 16*f**2 + 8*f + 7. Let a(z) = 7*m(z) + 5*p(z). Give a(-4).
-4
Let w(t) = -9*t**2 + 5*t + 3 + 4*t**2 + 6*t**2. Calculate w(-3).
-3
Let x(p) be the first derivative of -p**3/3 + 3*p**2 - 7*p + 7. Calculate x(5).
-2
Suppose 3*j - 8 = 5*j. Let m(x) = -2*x + 5. Calculate m(j).
13
Let u(b) = b - 11. Let i be u(12). Let w(z) = -10*z**3 + 1. Determine w(i).
-9
Let t(k) = 3*k + 2. Let b(z) = -2*z**2 - 7*z - 5. Let n be b(-4). Let x be (-16)/n - (-6)/27. Suppose -17 = 4*y - 5*f, -x*f = 5*y - 3*y + 4. Give t(y).
-7
Let z(p) = -1 - 19*p**2 - p + 10*p**2 + 10*p**2. Give z(-1).
1
Let s = 18 - 11. Let w(i) = i**2 - 9*i + 10. Determine w(s).
-4
Suppose -b - 10 = 4*n, 5*b = -n + 3*n + 16. Let x(v) = -2*v**2 + 2*v. Determine x(b).
-4
Let r(i) be the second derivative of i**4/2 + i**3/3 + i**2/2 - 16*i. Calculate r(-1).
5
Let k be (-8)/(-36) + (-43)/(-9). Let q(c) = 6*c**2 + 5*c**3 + k + 7*c - 4*c**3 - 1. What is q(-5)?
-6
Suppose -1 = -g + 5*b, -5 = -8*g + 3*g - b. Let f(c) = 19*c**2 + 2*c - 1. What is f(g)?
20
Let u(o) = o - 6. Let d(m) = -m**2 + 5*m - 3. Let r